t a = -197 - s. Suppose -4*z + 88 = -48. What is the greatest common factor of a and z?
17
Let u(c) = 3*c**2 + 28*c - 29. Let a be u(1). Suppose -23*l - a*l = -2000. What is the greatest common factor of l and 240?
80
Suppose -159*s + 7273 = -153*s - 7619. What is the highest common factor of 219 and s?
73
Suppose -2 = -a + 2. Let s be a/14 - (-1223)/7. Suppose 0 = -153*f + 3694 + 131. What is the greatest common factor of s and f?
25
Let v(r) = -2*r + 18. Let j be v(10). Let i be (j - -7)*602/(-35). Let q = i + 122. Calculate the greatest common divisor of 54 and q.
18
Suppose 29 = 4*b - c - 86, 2*b = 3*c + 55. Suppose 6*w - b = 289. Calculate the greatest common factor of w and 265.
53
Let y(s) = -92*s - 5635. Let b be y(-111). Calculate the highest common factor of b and 597.
199
Let j(m) = -36*m + 340. Let s be j(9). Calculate the highest common factor of 36016 and s.
16
Let a be ((-110)/(-3) - 2) + (-4)/(-12). Let j(i) = i + 3*i**2 + i + 6*i - a*i**3 - 7*i. Let s be j(-1). Calculate the greatest common divisor of s and 259.
37
Let p(b) = 1038*b**3 - 3*b**2 + 5*b - 2. Let y be p(1). What is the highest common factor of y and 24?
6
Let y be -2 - ((-17)/(34/(-12)) - 224). Suppose 5*t + y = 6*t - 3*r, 5*r - 388 = -2*t. Calculate the highest common divisor of t and 476.
68
Let w(l) = 2*l**2 - 8*l - 3. Let c be w(6). Suppose -2324 = 1072*h - 19402 - 12938. What is the highest common factor of c and h?
7
Let a(o) = 19*o**2 - 272*o + 29. Let d be a(23). What is the greatest common factor of 16 and d?
16
Suppose -226*r = -130*r - 854880. Calculate the highest common factor of r and 65.
65
Let x be (-15)/(-50)*-2*(-400)/10. Let k(s) = s**3 + s**2 - s. Let f be k(3). Calculate the greatest common factor of x and f.
3
Suppose -2*h + 5*v = 56, 4*h - 3*h + 3*v + 28 = 0. Let o be h/(-21)*(5 + -2). Suppose -2*j = -o - 12. Calculate the highest common divisor of 2 and j.
2
Let h be 3/(-1) - (4 + (-4 - -3)). Let n be (-3*(-3)/(-2))/(h/32). Suppose 13*t = t + n. Calculate the greatest common divisor of 5 and t.
1
Suppose 124*v + 2 = 123*v - 2*u, -2*v + 2*u = -20. What is the highest common divisor of v and 2802?
6
Suppose -5*k + 28269 = -w + 6147, -k + 4434 = -5*w. Calculate the highest common factor of k and 56.
56
Let n = -2 - -7. Suppose 384 = 76*o - 44*o. Suppose n*c - 54 = 2*z - o, 20 = 2*c - 4*z. What is the highest common factor of c and 12?
4
Let n(i) = 132*i**2 - 32*i. Let m(b) = -33*b - 163. Let g be m(-5). Let z be n(g). What is the highest common divisor of z and 32?
16
Suppose -2*r = -0*r - 772. Let h = r - 224. Calculate the greatest common divisor of h and 18.
18
Suppose 217 = 8*o - 47. Suppose -3*v + 15 = -o. Calculate the greatest common factor of v and 16.
16
Let c be 2/6*(34443675/1140 - 3/4). Calculate the highest common factor of c and 9.
9
Let g(j) = -440*j + 1430. Let h be g(2). What is the greatest common factor of 2090 and h?
110
Let f be (19 + -21)/((-2 + 4)/1). Let t be -12*f/3 + 0 + -2. What is the greatest common divisor of t and 4?
2
Let q = -10716 - -12907. Calculate the highest common factor of q and 28.
7
Suppose 0 = -x - 3*m + 123, -7*m + 3*m = -3*x + 382. Let h be (8 + 2)*112/40. What is the greatest common divisor of x and h?
14
Let a be ((-519)/6)/(9/(-18)). Suppose 54 = -i + a. Calculate the highest common factor of i and 7.
7
Let q(w) = -6*w**2 + 6*w + 1. Let c be q(-4). Suppose -604 = 19*x - 15*x. Let n = c - x. Calculate the greatest common divisor of 8 and n.
8
Let t = 113 + -31. Suppose 0 = 5*w + t + 53. Let b = w + 51. Calculate the highest common divisor of b and 8.
8
Let q(y) = 31*y**2 - y. Let f be q(1). Suppose -9 = 29*n - f*n. Suppose 0 = -n*i + 78 + 12. What is the greatest common factor of i and 10?
10
Let t = -59 + 59. Suppose t*w - 3*a - 57 = -4*w, -5*a - 15 = 0. Suppose -2*y = 3*c - 14 - w, 14 = 5*c - 4*y. Calculate the highest common divisor of c and 12.
6
Let m(r) = 140*r - 1. Let o be m(1). Suppose 186 = 4*x + 3*j, -3*x - 4*j + 2*j + o = 0. Calculate the greatest common factor of 15 and x.
15
Let a(y) = -y**3 - y**2 + 13*y + 2. Let f be a(5). Let d = f + 133. Calculate the highest common divisor of d and 30.
10
Let s be (-170 - 0)/(54 + -56). Suppose 170 = 7*w - 2*w. Calculate the greatest common factor of w and s.
17
Let c(a) = -a**2 + 5*a + 3. Let z = 20 + 44. Let b = 68 - z. Let p be c(b). Calculate the greatest common divisor of p and 77.
7
Let m be (-195)/((-1 - 0) + 0). Suppose -64680 = 647*x - 1263*x. What is the greatest common factor of x and m?
15
Let l(j) = -281*j + 8677. Let x be l(30). Let a be (3/1)/((-6)/(-104)). What is the greatest common factor of x and a?
13
Let a be -2*(9 - (-822)/(-12)). Let q(o) be the third derivative of -o**4/8 - 11*o**3/6 + 5*o**2. Let d be q(-6). What is the highest common factor of a and d?
7
Let l = 2 + -3. Let o be (-4)/8*2 + (3 - l). Suppose -4*m + 160 = 3*q, -q - o*m + 108 = q. Calculate the greatest common divisor of 36 and q.
12
Suppose 4*k + 4*m + 48 = 128, -4*k + 75 = 5*m. Calculate the greatest common factor of 115 and k.
5
Suppose 5*h - 1008 = h. Suppose -48*t - 364 = -74*t. What is the highest common factor of t and h?
14
Let b(c) = -143*c + 1831. Let d be b(12). Suppose 220 = 4*x - 56. Calculate the highest common divisor of x and d.
23
Let b(c) = 26*c**2 - 17*c + 320. Let w be b(22). What is the highest common factor of w and 70?
70
Suppose 4*g - 3*k = -k + 320, 2*k - 400 = -5*g. Let t be (-2)/(-8) - (-4)/(g/475). Calculate the highest common divisor of 45 and t.
3
Let d(c) = -c**2 - 4*c + 2. Let t be d(-3). Let k be t/(10/478) + 4. Suppose 13*i - 16*i = -k. What is the highest common divisor of 9 and i?
9
Let l be -3*((-2400)/18 - -6). Let m = 447 - l. Calculate the greatest common factor of m and 39.
13
Let n(t) = -2*t - 2. Let l be n(-6). Let c be 802/5 + l/(-25). Let a = -6251 + 6283. Calculate the highest common divisor of a and c.
32
Let h = 102 + 122. Calculate the highest common divisor of h and 35.
7
Suppose 0 = -p + 4*z + 5439, -73*z = 5*p - 69*z - 27051. Calculate the greatest common factor of p and 57.
57
Let i = 466 - -609. Suppose -25 = 10*q - i. What is the highest common factor of 70 and q?
35
Let l be 741/5 + (-1 - (-12)/15). What is the greatest common divisor of 74 and l?
74
Suppose -f + 4*j = -916, f - 5*j - 385 = 537. Calculate the greatest common divisor of 2899 and f.
223
Suppose -5*t - 28 = -z - 78, 0 = -3*z - 5*t - 70. Let s be (-4264)/z - 4/60*2. Calculate the greatest common divisor of s and 355.
71
Let j(c) = -14*c - 178. Let y(f) = -73*f - 890. Let p(k) = -11*j(k) + 2*y(k). Let s be p(-18). What is the highest common divisor of s and 850?
34
Let k be (-158)/(-10) - (-2)/10. Let y be 6 + 5 - 592/(-16). What is the greatest common factor of y and k?
16
Let q = 168 + -74. Let n = 151 - q. Let s(j) = 2*j + 82. Let y be s(-22). What is the greatest common divisor of y and n?
19
Suppose 2*p + 2*m - 410 = 374, 2*p - 788 = -3*m. Calculate the highest common divisor of 36 and p.
4
Let q = -15959 - -16209. What is the highest common factor of q and 130?
10
Let r(t) = -14*t - 24. Let z be r(-10). Let q = z + -111. Suppose 22 = 2*p + l, 6*l - 70 = -q*p + 11*l. What is the greatest common divisor of p and 54?
6
Let t = -11554 + 11569. What is the highest common divisor of 7935 and t?
15
Suppose n - 2*p - 11 - 14 = 0, 40 = -5*n - 5*p. Suppose 3 + 3 = w. What is the greatest common divisor of w and n?
3
Suppose 254*j - 102665 - 15191 = 0. Calculate the highest common divisor of 496 and j.
16
Suppose -4 = -2*t + 4*q + 4, -2*t + 8 = 2*q. Let x be (-1 - (-466)/6)*228/190. What is the greatest common factor of x and t?
4
Let n be (-4)/18 + 14/63. Suppose 15 = 2*q - z - 5, n = -q - 5*z + 10. Suppose 8 = -q*y + 778. What is the greatest common factor of 22 and y?
11
Let k = 567 - 348. Let p = -63 + k. Let g(l) = -276*l - 2472. Let s be g(-9). What is the greatest common factor of p and s?
12
Let h(t) = 63*t + 42. Let d be h(2). Let g be d/(-20)*50/(-20). What is the highest common factor of 21 and g?
21
Suppose -3*y = t - 302, 5*y - 42 = 2*t - 602. Let f(s) = -s**3 + 19*s**2 - 66*s + 38. Let a be f(5). What is the highest common factor of t and a?
58
Let l(q) = 11*q**2 + 3*q + 8. Let u be l(-2). Suppose -16*p = -u*p + 240. Calculate